 (-4)/r + 962/117 is divided by (-1)/3*-3 - -3.
0
Let k(m) = 10*m**2 + 22*m + 3. Suppose 0 = -2*f + 3*f - 105. Calculate the remainder when f is divided by k(-3).
24
Suppose 10*j - 1036 = 114. Suppose 3*z = -4*k + 100 + 47, 3*k - 2*z = 123. What is the remainder when j is divided by k?
37
Calculate the remainder when 83 + (-2 - -10 - 16) is divided by 50.
25
Let i = 17 + 81. Let f = 510 - 477. Calculate the remainder when i is divided by f.
32
Suppose 0 = -9*x + 7*x - 24. Let g(v) = -v - 10. Let s be g(x). Suppose -s*t - 1 = -7. What is the remainder when t is divided by 2?
1
Let p be -56 + (-3 - 3/(-1)). Let h be -3*(p/(-12))/(-2). Suppose -10*l = -h*l - 129. Calculate the remainder when l is divided by 15.
13
Suppose 6 = 5*u + 1. Let y be -11 + (3/u - 0). Calculate the remainder when 40 is divided by 2/y + 114/8.
12
Suppose 5*d - 2291 = -24*d. Calculate the remainder when d is divided by 42.
37
Let l(o) = -o**3 - 3*o**2 - 2*o + 1. Let d be l(-2). Let q(b) = 14*b**3 - 2*b**2 + 4*b - 4. Calculate the remainder when 58 is divided by q(d).
10
Calculate the remainder when (9 + -10)*(-3 - 16) is divided by 5.
4
Suppose -5*t - r = -228, 5*t - 219 = -0*t + 2*r. Let g be (-21)/(-18) - (-3)/(-18). What is the remainder when t is divided by ((-75)/(-3) - 2)/g?
22
Suppose 0 = -2*z - 2*n + 22, 287 = -2*z + n + 309. What is the remainder when 76 is divided by z?
10
Let o(y) = y**2 + y + 5. Suppose 6*b = b. Suppose b = q + 3*q - 288. Calculate the remainder when q is divided by o(-5).
22
Let i(j) = -j**3 + 16*j**2 - 20*j + 11. Calculate the remainder when i(13) is divided by 26.
24
Let t = 1070 + -1060. What is the remainder when 287 is divided by t?
7
Let a = -51 + 31. Suppose s + 4*g = 2*s, -4*g = 4. Let n = s - a. Calculate the remainder when 93 is divided by n.
13
Let a(g) = g**3 + 20*g**2 - 22*g - 39. Let n be a(-21). What is the remainder when 45/4*80/6 is divided by (-19)/(-2 - n/12)?
36
Let y(a) = a**3 - 3*a**2 + 2*a - 4. Let h be y(3). Calculate the remainder when 21 is divided by (3 - 2)*4 + h.
3
Suppose -2*c + 224 = 30*c. What is the remainder when 83 is divided by c?
6
Let j be -36 - 1 - (1 - 4). Let g = j - -39. What is the remainder when 24 is divided by g?
4
Suppose 10*u + 30 - 390 = 0. Calculate the remainder when 59 is divided by u.
23
Let r be 36/(-8)*2/(-3). Suppose -r*u = u. Suppose u*y - 54 = -2*y. What is the remainder when 105 is divided by y?
24
Let s(b) = -b**3 + 8*b**2 + 12*b + 12. Let q(f) = -f**2 + 13*f - 11. Let o be q(10). Let j = o - 10. Calculate the remainder when s(j) is divided by 20.
19
Let i = 196 + -184. Suppose 5*h + 4*s - 360 = 2*s, -4*s - 190 = -3*h. What is the remainder when h is divided by i?
10
Let r be (-24)/20 - 2/(-10). Let z = 2 + r. Let w = 46 - z. Calculate the remainder when w is divided by 12.
9
Suppose 48*u - 76 = 44*u. Let i be 2254/(-12) + (-2)/12. Calculate the remainder when u is divided by (-2)/(-7) + i/(-28).
5
Suppose 91 = -105*u + 112*u. Calculate the remainder when 43 is divided by u.
4
Calculate the remainder when 61 is divided by (-22)/((-8)/12*3).
6
Let z(r) = r + 7. Let h be z(-5). Suppose -y + c = -12, -2*y = h*c + c - 49. Calculate the remainder when y is divided by 11.
6
Let y = -271 + 283. What is the remainder when y is divided by 3?
0
Calculate the remainder when 763 is divided by 54 + ((-12)/10)/((-4)/(-10)).
49
Let t(y) = 5*y**2 - 8*y - 7. What is the remainder when t(-7) is divided by 37?
35
Let j(b) = 3*b - 5. Let f(o) = 5*o - 9. Let q(h) = -4*f(h) + 7*j(h). What is the remainder when ((-12)/9)/(2/(-6)) is divided by q(3)?
0
Let o = 997 + -934. What is the remainder when 314 is divided by o?
62
Suppose 0*r = 3*r. Let v = 6 + r. Suppose 3*p - 1 = -l + 2, 0 = 5*p + 4*l + 2. What is the remainder when v is divided by p?
0
Let d = 27 + -19. Suppose 0 = 5*n + 11 + 19. Calculate the remainder when n/(-3) + (-1 - -21) is divided by d.
6
Let h(f) = f**3 - 71*f - 15. Calculate the remainder when h(-6) is divided by 47.
7
Let c(x) = -x**2 - 10*x + 13. Let z be ((-2)/7)/(2/(-14)). Suppose -5*i - 3*l = 60, -4*i = -z*l - l + 21. Calculate the remainder when 43 is divided by c(i).
21
Suppose -21*w = -9 - 2217. Calculate the remainder when w is divided by 18.
16
Let q(n) = n**3 - n**2 + 21. Suppose 4*d - 6*d = -166. What is the remainder when d is divided by q(0)?
20
Suppose h + 84 = -w, 0*h + 4*h = 3*w + 273. Let f = w - -169. Suppose -107 = -16*t + 11*t + b, -3*b = 4*t - 78. What is the remainder when f is divided by t?
19
Suppose -6*u + 4 = -4*u. Suppose 336 = u*z + 2*z. Suppose -4*y + z = -64. Calculate the remainder when y is divided by 19.
18
Calculate the remainder when 195 is divided by -46*((-143)/22 - -6).
11
Let q be 6/4 - (-11)/2. Suppose -52 = -q*y + 116. Calculate the remainder when y is divided by 10.
4
Let c(f) = -2*f - 25. Let r be c(-15). Suppose 0*t + r = t. Calculate the remainder when t is divided by 3.
2
Let d = 842 + -533. What is the remainder when d is divided by 12?
9
Let n(a) = -3*a**3 + 8*a - 12. What is the remainder when n(-5) is divided by 65?
63
Suppose -2*j - a + 437 = 3*j, -j + a + 85 = 0. Let r = j - 43. Calculate the remainder when r is divided by 13.
5
Suppose 2*a + 3*a = 0. Let m(g) = g**3 + g**2 + 2*g + 2. Let y be m(a). Suppose 26 = y*h - 0*h. Calculate the remainder when h is divided by 4.
1
Suppose -4*t + 0*t - 4 = 0. Let p(g) = -20*g**2 - 7. Let v(a) = 41*a**2 + 15. Let x(k) = -13*p(k) - 6*v(k). Calculate the remainder when 42 is divided by x(t).
12
Suppose 25*v = 24*v + 5*h + 162, 0 = 5*v + h - 836. What is the remainder when v is divided by 42?
41
Let k(s) = s**3 + s**2 + 1. Let m(u) = 2*u**3 - 6*u**2 - 7*u + 21. Let x(c) = -3*k(c) + m(c). What is the remainder when 67 is divided by x(-8)?
7
Let y = -54 - -82. Let g be ((2 - -3) + -31)*(-1 + 0). Suppose g*i = 23*i + 165. Calculate the remainder when i is divided by y.
27
Let j(d) = 2*d**3 - 42*d**2 + 17*d - 10. What is the remainder when j(21) is divided by 25?
22
Suppose -5*b + 28 = -12. Suppose 3*q - b - 31 = 0. Let c = q - -21. What is the remainder when c is divided by 18?
16
Let k(l) = -4*l + 1. What is the remainder when -1*(-12 + -61 + 1) is divided by k(-6)?
22
Let h = 43 + -1. Let s = -82 + h. Let c = -26 - s. Calculate the remainder when 53 is divided by c.
11
Suppose 0*q - 406 = -4*n + 2*q, -n - 5*q + 107 = 0. Calculate the remainder when n is divided by 26.
24
Suppose -3*k + 59 = -4*h - 14, k - 2*h - 27 = 0. Suppose -2*d + 4 + 15 = 5*s, -d - 28 = -5*s. What is the remainder when k is divided by s?
4
Let b be (-135)/18*(-4)/6. Suppose 0*k = -4*q - 2*k + 44, -3*k = -3*q + 15. Calculate the remainder when (b/4)/(4/48) is divided by q.
6
Let o = 5 + -4. Let h(u) = -u + u**2 - 4 + o + 1. What is the remainder when 10 is divided by h(3)?
2
Suppose 4 + 21 = -5*h, 2*h = -5*y + 210. What is the remainder when 63 is divided by (6/(-2))/((-6)/y)?
19
Let t = -21 + 22. Calculate the remainder when 23 is divided by (2 - (-14 + 3))*t.
10
Let q be -1 - 0 - 50/(-10). Suppose 2*j = -2*f - 2, -2*j + q = 3*f + 2*f. Suppose -46 + 170 = f*x. Calculate the remainder when x is divided by 21.
20
Let q(y) = 14 - 17*y + 13*y - 3. Calculate the remainder when q(-18) is divided by 14.
13
Let x = 1791 - 1624. What is the remainder when x is divided by 31?
12
Let y = 720 - 507. Calculate the remainder when y is divided by 43.
41
Suppose 4*i = 4, 3*x - 2*x = 5*i + 11. Suppose -c - h = -x, -5*c - 3*h + 100 = -2*h. Calculate the remainder when 144 is divided by c.
18
Let m = 21 - 17. Suppose -4*b + m*u + 104 = 0, 3*b - 4*u - 37 = 36. Suppose -b = -3*f - 1. Calculate the remainder when 18 is divided by f.
8
Let f(c) = c**3 - 22*c**2 - 5*c + 111. Let n = 2 + -2. Suppose n*u + 4*u - 12 = 0. Calculate the remainder when u is divided by f(22).
0
Let c be -1 - (0 + 0 + -1). Suppose -2*i + 6 + 18 = c. Suppose -2*h + 3*w + 96 = 0, -2*w - 141 = -3*h + w. Calculate the remainder when h is divided by i.
9
Suppose 2*b - 81 = -5*c, -c + 2 = -b + 46. What is the remainder when 171 is divided by b?
42
Let s = -224 + 132. Let q = s + 141. Suppose 63 = 3*z - 3*g, 3 = 2*z + 3*g - q. What is the remainder when z is divided by 12?
11
Let w = 37 + -11. Suppose -4*a - u - 6 = -46, 5*u = 3*a - 7. What is the remainder when w is divided by a